 be (-30)/105 - (-18)/14. What is the tens digit of x(r)?
3
Suppose -2*c = 2*c + 864. What is the units digit of (-1)/(3 + 652/c)?
4
Suppose g = b + 2*b + 3, -5*g = -b - 71. What is the tens digit of g?
1
Let h(f) = -2*f**2 - 4*f - 2. Let z(t) = 3*t**2 + 4*t + 2. Let o(g) = -4*h(g) - 3*z(g). What is the units digit of o(3)?
5
Let l(b) = -26 + 2*b + 0*b - b + 29. Let w(i) = -i**2 + 8*i - 6. Let n be w(5). What is the tens digit of l(n)?
1
Suppose 26 = 3*w + 23. What is the units digit of w?
1
Let b(j) = 12*j**2 - 33*j - 14. What is the units digit of b(7)?
3
Let f be 6/(-1 - -3) + 3. Suppose -f = -2*d - d. What is the units digit of d?
2
Let n = -12 - -7. Let v(w) = 2*w**2 + 2*w + 2*w - w + 4*w. What is the units digit of v(n)?
5
What is the units digit of 1/(-6) + (-1899)/(-54) - 0?
5
Let b(c) = c**3 - 3*c**2 - c + 3. Let t be b(3). Suppose -m + 2*y - 5 + 16 = t, -5*m + 2*y + 39 = 0. What is the units digit of m?
7
Let x(o) = o**2 - 9*o - 13. Let u(q) = q**2 + q**2 - 9*q - 7 - 7. Let v(c) = 2*u(c) - 3*x(c). What is the units digit of v(-10)?
1
Suppose -9 + 105 = 3*v. What is the units digit of v?
2
Let a(t) = 14*t + t**2 + 0 - 1 + 2 - 19*t. What is the units digit of a(5)?
1
Let y = 19 + -20. What is the tens digit of y - -2 - (-4 + -29)?
3
Suppose -w + 0*w = 30. Let y = w + 42. What is the tens digit of 27*(y/(-9) + 2)?
1
Let o(y) = -y**2 + 4. Let x be o(0). Suppose 2 - 10 = -x*h. Suppose 12 = h*a + a. What is the units digit of a?
4
Let u = -197 - -369. What is the tens digit of u?
7
Let a = 74 - -7. What is the tens digit of a?
8
Suppose 6 = h - 36. What is the tens digit of h?
4
Let k(z) = -3*z**2 - 1. Let p(t) = 8*t**2 - 3*t + 3. Let q(c) = -c. Let b(g) = p(g) - 3*q(g). Let s(l) = -4*b(l) - 11*k(l). What is the units digit of s(-3)?
8
Suppose -2*l = 4*p - 46, 2*p = -5 - 5. What is the tens digit of l?
3
Let f(t) be the first derivative of t**3/3 + t**2/2 + 16*t - 1. Let c be f(0). Let n = 24 - c. What is the units digit of n?
8
Suppose -2*u = -4*u + 62. What is the tens digit of u?
3
What is the units digit of 9 + 3*(-5)/15?
8
Let j(r) = -3*r**2 + r + 9. Let w(y) = y**2 - 1. Let a(z) = j(z) + 4*w(z). What is the units digit of a(-4)?
7
Let p = 7 - 10. Let j = p - -7. What is the units digit of j?
4
Let a(w) = w**2 + 5*w - 6. Let x be a(-6). Suppose x = -3*f + q + 54, -4*q + 0*q + 90 = 5*f. What is the units digit of (-2)/4 - f/(-4)?
4
Suppose 0 = 5*a + 3*y - 60, 0 = -3*a + 5*a - 4*y + 2. Suppose -m = -3*h - a, 17 = -3*m - 5*h + 2. Let l(t) = -t + 4. What is the units digit of l(m)?
4
Let s be 15/(-6)*(-18)/(-15). Let f(v) = -v**2 + 4*v + 4. Let g be f(7). Let o = s - g. What is the units digit of o?
4
Suppose 24 = -3*t + 5*y, -3*y + 47 = -4*t + 4. Let b = 18 + t. Let m = 11 - b. What is the units digit of m?
6
Let h(x) = -2*x + 3. Let a = 4 + -7. What is the units digit of h(a)?
9
Let c = 29 - -2. What is the units digit of c?
1
Let c(t) = -2*t**3 - 12*t**2 + 19. Let f(q) = -q**3 - 3*q**2 - 6*q**2 + 9 + 3*q**2. Let l(m) = -2*c(m) + 5*f(m). What is the units digit of l(-6)?
7
Let n(y) = 18*y - 25. What is the tens digit of n(10)?
5
Let m be (2/(-4))/((-2)/8). Suppose 0 = 3*s - m*s. Suppose s = -0*o - 4*o + 24. What is the units digit of o?
6
Suppose 3*x = -13 + 175. What is the units digit of x?
4
Let v = -25 + 33. What is the units digit of v?
8
Let f(s) = 55*s**3 - 2*s**2 + s. What is the tens digit of f(1)?
5
Suppose 3*g - 5 = -2*q + 3, 2*q - 2*g - 28 = 0. Let x = q + -5. Suppose 29 = 4*i - x*d, 5*i - 3*d + 7*d - 67 = 0. What is the tens digit of i?
1
Suppose 170 = 2*w - 4*j, 2*w - 21 = -3*j + 135. What is the tens digit of w?
8
Suppose x = 2*q + 6 + 9, -4*q + x - 27 = 0. Let n(p) = 6 - 9 - 3*p - 6. What is the units digit of n(q)?
9
Suppose 0*w = 2*w + 4. Let k be w/(-4)*(1 - -1). Let n = 0 + k. What is the units digit of n?
1
Let g(d) = -51*d - 41. What is the hundreds digit of g(-3)?
1
Let i(u) be the first derivative of -u**2 + 6*u + 5. What is the tens digit of i(-6)?
1
Let g be (6/15)/((-1)/(-5)). Let h be g + -4 - (-5 - -1). Suppose -12 = -h*m - 0. What is the units digit of m?
6
What is the units digit of (1/(-1))/((-3)/33)?
1
Let x(d) be the first derivative of -23*d**2/2 + d - 7. What is the tens digit of x(-2)?
4
Suppose -26 = 2*i - 3*i - 3*m, 3*i - 83 = -4*m. What is the tens digit of i?
2
Let n be -1 + 2 - -5 - 2. Let t(r) = 3*r + 9. What is the tens digit of t(n)?
2
Let g be -9*(2 + 2/6). Let b be g/(-12) - (-2)/8. Suppose b*q = 2 + 10. What is the units digit of q?
6
Let c = 60 - -213. What is the units digit of c?
3
Suppose -2*y = -5*y + 48. Suppose -14 = -3*f + y. What is the tens digit of f?
1
Let q(m) = -32*m**3 - 5*m**2 - 5*m - 2. What is the tens digit of q(-2)?
4
Let d be (-8)/2 + 0 + 2. Let u = d + 4. Suppose u + 1 = g. What is the units digit of g?
3
Let l(p) = 4*p + 4*p - 2 - 5*p + p. What is the tens digit of l(5)?
1
Let g(d) = d**2 - 26. Let p be g(0). Let r be p/(-8) - (-1)/(-4). Suppose 3*h + 2*x - 31 = 0, 3*h - r*x = 5*h - 19. What is the tens digit of h?
1
Let i = 283 - 195. Suppose i = -2*y + 6*y - 4*l, 0 = -4*y + 2*l + 92. What is the units digit of y?
4
Let a = -5 - -16. Let g = -2 + a. What is the units digit of g?
9
Let s = -12 + 39. Suppose -s = -5*w + 48. What is the tens digit of w?
1
Let d(g) = -3*g**2 + 23*g + 5. What is the tens digit of d(6)?
3
Let o(z) = z**3 + 2*z**2 + 3*z. Let w be o(-2). What is the units digit of ((-3)/(-2))/(w/(-32))?
8
Suppose -18*h = -24*h + 1188. What is the units digit of h?
8
Suppose 0 = 3*v - v - 24. Suppose -f + 25 = -v. Let l = f - 21. What is the tens digit of l?
1
Suppose -3*g + 2*y = -140, y - 2*y - 93 = -2*g. What is the units digit of g?
6
Suppose 2*m = 2*u + 4, -5*u + 4 + 4 = m. Let l = u + 12. Suppose -4*o = -3*o - l. What is the tens digit of o?
1
Let z(x) = x**2 - x - 6. Suppose -22 = -5*q - 4*a, -4*q = 2*a - 10 - 10. What is the tens digit of z(q)?
2
Let z(g) = g**3 + 7*g**2 + 3*g - 4. What is the tens digit of z(-3)?
2
Let d be ((-6)/(-9))/(2/12). Suppose 0 = d*p - 3 - 1. What is the units digit of p?
1
Let x = 58 - -17. What is the units digit of x?
5
Suppose 0 = 2*z + 5*p + 11, -8*z - 2*p + 4 = -3*z. Suppose -3*k + 10 = -z. What is the units digit of k?
4
Let p(i) = 3*i**3 + 7*i. Let d be p(3). Suppose 4*w - 81 = -x, 5*w = -0*w - 2*x + d. What is the units digit of w?
0
Suppose -4*s + 18 = 2*a, -1 = -5*s - 3*a + 23. Let i = s + -2. What is the units digit of i?
1
Let w = 14 - 10. What is the units digit of 14*(14/w + -3)?
7
Suppose -d = 2 - 4. Suppose -d*c + 63 = g, 5*g + 15 = 2*c - c. What is the units digit of c?
0
Suppose 4*h + 2 + 10 = 0, 4*a + 2*h + 14 = 0. What is the units digit of ((-6)/a)/3 + 11?
2
What is the units digit of 26*(2 + 0 - 12/8)?
3
Suppose 0 = 4*f - 3*d - 119, -f = -5*f - d + 99. What is the tens digit of f?
2
Let r = 24 - 52. Let m = -15 - r. What is the tens digit of m?
1
Suppose -h + 3*x = 3, h + 5*x = 6*h - 5. Let i = h - -2. What is the units digit of i?
5
Suppose -x + 52 = 4*r, 0 = r + 2*x - 0 - 6. Suppose w - r = 34. What is the units digit of w?
8
Suppose 6*w - 5*w = 1. What is the units digit of (2 + -5)/(-1) + w?
4
What is the tens digit of (4/10)/(12/570)?
1
Suppose -5*f = -5*d - 10, 0 = 2*d + 3*d + f - 2. Let a be 0 + d + (-2 - -5). Suppose a*n = -2*n + 40. What is the units digit of n?
8
Suppose -3*y - 12 = -3*k + 4*k, y + 2*k = -9. Let d(c) = -c + c**2 + 0*c**2 + 2*c. What is the units digit of d(y)?
6
Suppose -3*z - 76 = 20. What is the units digit of (3/(-2))/(6/z)?
8
Let o = 53 - 51. What is the units digit of o?
2
Let g be ((-2)/3)/((-12)/54). Suppose -2*a = -g*a + 7. Suppose 0 = a*n - 3*n - 24. What is the units digit of n?
6
Suppose 0 = f - 182 + 38. What is the tens digit of f?
4
Let a be (-7 - -3) + 1 + 2. Let c = -6 - -16. Let g = a + c. What is the units digit of g?
9
Let c be (9/(-6))/((-3)/14). Let s = c + -1. Suppose -4*y + s*y = 32. What is the units digit of y?
6
Let m be (-14)/4*(-60)/35. Let n(u) be the first derivative of u**3/3 - 2*u**2 - 6*u - 1. What is the units digit of n(m)?
6
Let s be 2/3 + 132/(-36). Let q(b) = -2*b - 5. Let y be q(-4). What is the tens digit of (-2)/s - (-34)/y?
1
Let m = 52 + -5. What is the tens digit of m?
4
Let l = 1 + 0. Let x be (l + 1)*(-5)/(-2). Suppose 5*y =